 -5*p. Suppose 4*c - 4 = 2*j + j, -j - 5*c = -5. Suppose 0 = p*q - j*q - 243. What is the tens digit of q?
8
Let x(m) = 13*m**2 - m - 6. Let i be x(5). Let f be (-4)/1*i/(-4). Let v = f + -203. What is the units digit of v?
1
Suppose -38*d = -41*d + 1173. Suppose -6*t + 305 + d = 0. Let f = t - 51. What is the tens digit of f?
6
Let h(j) = j**3 + j**2 - 2*j + 2. Let g be h(2). Let k(t) = 30 - 40*t + 101*t - 47*t. What is the units digit of k(g)?
0
Suppose 4*d = 0, -3*d + 17 = -5*y - 3. What is the units digit of (120/(-50))/(y/50)?
0
Let b = 363 - 313. What is the units digit of (3966/15)/(20/b)?
1
Let u = -12183 - -15017. What is the hundreds digit of u?
8
Let v(d) = 36*d**2 - 6*d - 6. Let o be v(-1). Let r = o - -132. What is the hundreds digit of r?
1
Let w be ((-1)/(-4)*0)/(-2). Suppose -3*s + 5*x + 1319 = w, -7 = x - 6. What is the units digit of s?
8
Suppose -81837 + 10833 = -2*v - 4*c, 0 = -2*v - c + 70986. What is the ten thousands digit of v?
3
Suppose 3*w = 66 - 60. Suppose -5*l - 3*d = -0*d - 67, -w*d = -5*l + 47. Suppose k = -l + 16. What is the units digit of k?
5
Suppose 181*p - 14015 = -5*l + 176*p, 5*l - p - 14009 = 0. What is the thousands digit of l?
2
Suppose 2*d - 2*j = -0*j + 2, 13 = 3*d - 5*j. Suppose -11 = 5*h + 4, -2*u + 25 = -3*h. What is the units digit of (u + d - -2) + 0?
6
Let d be (-14 + (-572)/(-39))/(2/6). What is the tens digit of ((-3832)/(-3))/d - (-8)/(-12)?
3
Let g = 132 + 6. Let w(b) = -1 - 57*b + g*b - 17*b**2 - 3*b**3 - 68*b + 2*b**3. What is the units digit of w(-18)?
9
Let p(u) = -2*u**3 - u**2 - 5*u - 509. Let d be p(0). Let l = d + 1111. What is the hundreds digit of l?
6
Let y = -6 + 11. Let g(a) be the third derivative of a**5/60 - a**4/3 + 4*a**3 - 4*a**2 + 40*a. What is the units digit of g(y)?
9
What is the units digit of (-1)/(4/40) + 6056?
6
Suppose 0 = 5*f - 3*p - 14703 - 62407, 2*p = 5*f - 77105. What is the hundreds digit of f?
4
Let w = -389 + 202. Let n = w + 142. Let p = -17 - n. What is the units digit of p?
8
Suppose -3*i + 0*i = 4*k - 175, -3*k - 168 = -3*i. Suppose i*g + 996 = 69*g. What is the tens digit of g?
8
What is the thousands digit of (-4791624)/(-742) + 10/(-14)?
6
Let l(y) = -130*y - 5. Let o be l(-2). Let p(j) = -j**2 + 15*j - 4. Let m be p(12). Suppose m*h = 37*h - o. What is the tens digit of h?
5
Let m(g) = 2*g**3 - 9*g**2 - 8*g. Let s be m(8). Suppose -13*f + 17*f - s = 0. What is the tens digit of f?
9
Let p = 2471 + -2375. Let b(v) = 19*v - 4. Let t be b(3). Suppose -t*q - p = -56*q. What is the tens digit of q?
3
Let a(w) = 15*w + 72. Let l be a(-8). What is the units digit of 69/((-6 + 12)/l*-2)?
6
Suppose -4*q - 11 = -31. Let s = -165 - -160. What is the units digit of q - (4 + (-187 - s))?
3
Suppose 25*y = 21*y - 80. Let w = y - -23. What is the tens digit of (-2 - -58) + w + -2?
5
Let z(i) = -1542*i - 9620. What is the ten thousands digit of z(-30)?
3
Suppose 5*f - 2*q = 1093, 3*q + 207 = 3*f - 447. Let g be f - (-3 + 1)*8/(-16). Suppose -5*i = -2*z + g, -3*z + 5*i = 2*z - 515. What is the units digit of z?
9
Suppose 0 = 2*y - 2*m - 50726, 101500 = 4*y + 19*m - 15*m. What is the ten thousands digit of y?
2
Let p(h) = h + 9. Let g(f) = f**2 - 18*f - 3. Let r be g(18). Let u be p(r). What is the tens digit of (43 - -3)*3/u?
2
Let p(y) = -7*y - 4. Let i be p(-4). Let x = -19 + i. Suppose -j = -u + 5 + 9, x*u = -j + 76. What is the units digit of u?
5
What is the hundreds digit of (-148122)/(-36)*(-28)/(-21)?
4
Suppose -6 = 6*y - 3*y. Let d = y + 4. Suppose 5*x = 0, 0*z + 75 = 5*z + d*x. What is the units digit of z?
5
Suppose 0 = -4*f + 3*w + 26425, -4*w - 21 = 7. What is the hundreds digit of f?
6
Let n = -12025 - -18206. What is the tens digit of n?
8
Suppose -25*y = -6*q - 30*y + 103062, -2*y = 12. What is the tens digit of q?
8
Let b be 7*((-2)/(4/(-6)) - 1). Suppose -b*l + 6*l + 1288 = 0. Let a = l - 61. What is the units digit of a?
0
Let a = 21711 - 2723. What is the units digit of a?
8
Let g(z) = -53*z - 2. Let q(k) = 4*k + 1. Let w(y) = -y. Let b(u) = -q(u) - 5*w(u). Let i(r) = -4*b(r) - g(r). What is the units digit of i(4)?
2
Let k(s) = -s**2 - 43*s + 219. What is the tens digit of k(-31)?
9
Let o(d) = 2*d**3 - 6*d**2 - 2*d - 49. What is the tens digit of o(12)?
1
Let l = 10 + 4. Let h(v) = 6*v**2 - 30*v - 33. What is the units digit of h(l)?
3
Let p(w) = -101*w**3 - 13*w**2 - 9*w - 5. What is the units digit of p(-4)?
7
Suppose -5*o - g - 115 = 0, -3*o + 5*g - 87 = 2*g. Let w(l) = -l**3 - 12*l**2 - 49*l - 153. Let b be w(-9). Let p = o + b. What is the units digit of p?
1
Let q(m) = -11*m**2 + 25 + 25*m**2 + 13*m - 13*m**2. What is the tens digit of q(-25)?
2
What is the thousands digit of -3 - -2 - (213810/10)/(-3)?
7
Let i be 1185 - -85 - (1*-8)/2. Let f = -696 + i. What is the units digit of f?
8
Let i = -301 - -174. Let l = i + 193. Suppose -3*v + 243 = l. What is the tens digit of v?
5
Let i(w) = 9*w - 87. Let c be i(6). What is the units digit of c/(-99) - (-1330)/6?
2
Let j(f) = 210*f + 42. Let w be j(4). Let o = -422 + w. What is the units digit of o?
0
Suppose q - 2*q + 2*s = -30, -3*s = 2*q - 60. Let t(j) = j**2 + 6*j + 5 - 4*j - q - 4*j. What is the units digit of t(13)?
8
Suppose f - 137 = 5*m + 582, 739 = f - m. What is the tens digit of (-1 - 0)/(36/f)*-3?
6
Let r(s) = s**3 - 5*s**2 - 2*s - 4. Let a be r(6). Suppose -3*k + 2*u + 1480 = 0, 1478 = 3*k + 19*u - a*u. What is the units digit of k?
2
Suppose -5*t = 2*q - 1387, q = -2*q - 4*t + 2077. What is the hundreds digit of q?
6
Let o = 31498 - -8233. What is the hundreds digit of o?
7
Suppose -2*p + 4 = -p. Suppose -1 = u - p. Suppose q + b - 2*b = 73, 4*q = -u*b + 320. What is the units digit of q?
7
Suppose 0*m + m + 3 = -4*k, -m + 2*k + 9 = 0. Suppose 0 = -4*x, 0 = -3*f - 3*x + m*x + 507. What is the tens digit of f?
6
Suppose 5*j = -3*r + 1115, 2*r - 738 = -29*j + 27*j. What is the tens digit of r?
6
Let a = -92 + 95. Suppose a*f - 5*f + 1302 = 4*q, 0 = 4*f + 3*q - 2579. Suppose 7*p = 556 + f. What is the units digit of p?
1
Suppose -2*a + 1 = h, 4*h - 4 = 2*a - 10. Let y = -1675 + 2029. What is the hundreds digit of (h + 0)/(-1*3/y)?
1
Suppose -24*l = 28*l - 136604. Suppose s - 3*p = 864, 2*p = 5*s - 2*s - l. What is the hundreds digit of s?
8
Let p(f) be the third derivative of f**6/120 + f**5/10 - f**4/6 - f**2. Let i(k) = k**2 + 22*k + 100. Let w be i(-6). What is the tens digit of p(w)?
4
Let x(r) = 4*r - 63. Let d be x(24). Suppose c = -3*y + 2*c + d, -5*y + 2*c + 54 = 0. What is the tens digit of 3/y - (-1308)/16?
8
Let o(k) = 64*k**2 + 1. Let l be o(-1). Let b = l - 65. What is the hundreds digit of 254 + (-7 - (b/3 - 3))?
2
Let q be (-1 - (-1)/2)/(147/(-588)). Suppose 0 = -45*n + q*n + 9116. What is the units digit of n?
2
Suppose 4*p - 3*h - 93893 = 0, 34718 = p - 2*h + 11241. What is the ten thousands digit of p?
2
Suppose 2*v + j = 6116, -5*v + 12212 = -v - 3*j. Let o = v - 2051. What is the hundreds digit of o?
0
Suppose 13 - 55 = -7*a. Suppose r = -3*r + 2*p + a, -4*r = -p - 11. Suppose -5*m + 672 + 48 = -u, 0 = -r*m + 3*u + 587. What is the units digit of m?
3
Let s(d) = d**3 - 3*d + 93. Let p = -19 - -19. What is the tens digit of s(p)?
9
What is the hundreds digit of (-12 - -11)/((-3)/(-54324)*-1)?
1
Suppose 4*a + a = -10. Suppose 25*m = 18*m + 21. What is the units digit of (-6*m/(-27))/(a/(-201))?
7
What is the thousands digit of (1 - (-7)/(-2))*(123762/(-30) + -5)?
0
Let i = 56 + -53. Suppose -q + 5 = i. What is the tens digit of 1 - -68 - q - (-6)/(-2)?
6
Let n(o) = 815*o - 1415. What is the thousands digit of n(12)?
8
Suppose -4*t - 11 = 1, 4*r = -3*t - 429. What is the units digit of (1 - 45)*(r/12)/7?
5
Let r(n) = 13*n + 5. Let w be r(1). Let u(v) = 7*v + 11*v - 13*v - 61. What is the tens digit of u(w)?
2
Suppose 4*s = -10*b + 12*b + 187368, -2*b = 2*s - 93660. What is the hundreds digit of s?
8
Let u(k) = 2*k**3 + 7*k**2 + 44*k - 927. What is the units digit of u(13)?
2
Let o = -54 + -40. Let y = -159 - o. Let f = -51 - y. What is the units digit of f?
4
Let p(u) = -7*u**2 + 10*u + 36. Let d(r) = -8*r**2 + 10*r + 35. Let t(n) = -4*d(n) + 3*p(n). What is the hundreds digit of t(10)?
9
Suppose -4*d = -11*v + 4373, 356*v + 419 = 357*v + 5*d. What is the uni